{"id":10006,"date":"2021-01-14T16:13:46","date_gmt":"2021-01-14T15:13:46","guid":{"rendered":"https:\/\/www.boxerbasis.de\/produkt\/bmw-r-80-g-s-parigi-dakar-3\/"},"modified":"2021-01-14T16:13:46","modified_gmt":"2021-01-14T15:13:46","slug":"bmw-r-80-g-s-parigi-dakar-3","status":"publish","type":"product","link":"https:\/\/www.boxerbasis.de\/it\/produkt\/bmw-r-80-g-s-parigi-dakar-3\/","title":{"rendered":"BMW R 80 G\/S Parigi-Dakar"},"content":{"rendered":"<p><strong>VERKAUFT &#8211; VENDUTO &#8211; VENDU &#8211; VENDUTA &#8211; VERKOCHT<\/strong><\/p>\n<p>Originale Paris Dakar ex works &#8211; \u00e8 disponibile la conferma di BMW. Motore originale; i dati di produzione del telaio e del motore corrispondono. La vernice \u00e8 la prima e originale, anche i primi adesivi sono ancora presenti. Non sono state montate parti di riproduzione. Questa R 80 G\/S Paris Dakar \u00e8 stata prodotta nel marzo 1987 ed \u00e8 stata anche immatricolata nel mese di marzo. Ha 6 precedenti proprietari (oltre a noi). Prima lettera, quindi la storia \u00e8 completamente tracciabile. \u00c8 sempre stata nelle sue condizioni originali, nessuna modifica aggiuntiva \u00e8 annotata nella lettera. Ovviamente non ha avuto incidenti. Tutte le serrature sono dotate di chiavi uguali, gli attrezzi di bordo sono disponibili. Apparentemente non \u00e8 stato modificato nulla sulla Dakar, solo la bobina di accensione \u00e8 stata sostituita con quella migliore dei modelli Paralever e per motivi di sicurezza \u00e8 stato installato un tubo freno flessibile in acciaio con ABE. Su richiesta, possiamo sostituire entrambi i componenti con pezzi originali dell&#8217;epoca. Una Paris Dakar nelle sue condizioni originali, non modificata e con la vernice originale \u00e8 praticamente impossibile da trovare ed \u00e8 anche un buon investimento dal punto di vista della conservazione.   <\/p>\n","protected":false},"excerpt":{"rendered":"<p>V<strong>ENDUTO<\/strong> Costruttore: BMW Modello: R 80 G\/S Paris Dakar Colore: bianco alpino, originale Data di fabbricazione: 03\/1987 Prima immatricolazione: 20.3.1987 T\u00dcV: nuovo all&#8217;acquisto Equipaggiamento: di serie<\/p>\n<p>&nbsp;<\/p>\n","protected":false},"featured_media":6445,"comment_status":"closed","ping_status":"closed","template":"","meta":[],"product_brand":[],"product_cat":[445],"product_tag":[],"class_list":{"0":"post-10006","1":"product","2":"type-product","3":"status-publish","4":"has-post-thumbnail","6":"product_cat-venduta","8":"first","9":"instock","10":"product-type-simple"},"_links":{"self":[{"href":"https:\/\/www.boxerbasis.de\/it\/wp-json\/wp\/v2\/product\/10006","targetHints":{"allow":["GET"]}}],"collection":[{"href":"https:\/\/www.boxerbasis.de\/it\/wp-json\/wp\/v2\/product"}],"about":[{"href":"https:\/\/www.boxerbasis.de\/it\/wp-json\/wp\/v2\/types\/product"}],"replies":[{"embeddable":true,"href":"https:\/\/www.boxerbasis.de\/it\/wp-json\/wp\/v2\/comments?post=10006"}],"wp:featuredmedia":[{"embeddable":true,"href":"https:\/\/www.boxerbasis.de\/it\/wp-json\/wp\/v2\/media\/6445"}],"wp:attachment":[{"href":"https:\/\/www.boxerbasis.de\/it\/wp-json\/wp\/v2\/media?parent=10006"}],"wp:term":[{"taxonomy":"product_brand","embeddable":true,"href":"https:\/\/www.boxerbasis.de\/it\/wp-json\/wp\/v2\/product_brand?post=10006"},{"taxonomy":"product_cat","embeddable":true,"href":"https:\/\/www.boxerbasis.de\/it\/wp-json\/wp\/v2\/product_cat?post=10006"},{"taxonomy":"product_tag","embeddable":true,"href":"https:\/\/www.boxerbasis.de\/it\/wp-json\/wp\/v2\/product_tag?post=10006"}],"curies":[{"name":"wp","href":"https:\/\/api.w.org\/{rel}","templated":true}]}}

<p><strong>VERKAUFT &#8211; VENDUTO &#8211; VENDU &#8211; VENDUTA &#8211; VERKOCHT</strong></p>
<p>Originale Paris Dakar ex works &#8211; è disponibile la conferma di BMW. Motore originale; i dati di produzione del telaio e del motore corrispondono. La vernice è la prima e originale, anche i primi adesivi sono ancora presenti. Non sono state montate parti di riproduzione. Questa R 80 G/S Paris Dakar è stata prodotta nel marzo 1987 ed è stata anche immatricolata nel mese di marzo. Ha 6 precedenti proprietari (oltre a noi). Prima lettera, quindi la storia è completamente tracciabile. È sempre stata nelle sue condizioni originali, nessuna modifica aggiuntiva è annotata nella lettera. Ovviamente non ha avuto incidenti. Tutte le serrature sono dotate di chiavi uguali, gli attrezzi di bordo sono disponibili. Apparentemente non è stato modificato nulla sulla Dakar, solo la bobina di accensione è stata sostituita con quella migliore dei modelli Paralever e per motivi di sicurezza è stato installato un tubo freno flessibile in acciaio con ABE. Su richiesta, possiamo sostituire entrambi i componenti con pezzi originali dell&#8217;epoca. Una Paris Dakar nelle sue condizioni originali, non modificata e con la vernice originale è praticamente impossibile da trovare ed è anche un buon investimento dal punto di vista della conservazione.   </p>

<p>V<strong>ENDUTO</strong> Costruttore: BMW Modello: R 80 G/S Paris Dakar Colore: bianco alpino, originale Data di fabbricazione: 03/1987 Prima immatricolazione: 20.3.1987 TÜV: nuovo all&#8217;acquisto Equipaggiamento: di serie</p>
<p>&nbsp;</p>
